374
In base 14, what is 3 - -123872?
123875
In base 9, what is 3 + -23305?
-23302
In base 16, what is -2dda + 15?
-2dc5
In base 2, what is 1 + -100000110111000?
-100000110110111
In base 12, what is -8 - 5425a?
-54266
In base 5, what is -424003 + -4?
-424012
In base 6, what is 135054 + 14?
135112
In base 9, what is -3 - -25108?
25105
In base 4, what is 2 - 303212220?
-303212212
In base 12, what is -12609 - -4?
-12605
In base 8, what is -5 + -15530?
-15535
In base 2, what is 10100101 - -1010111?
11111100
In base 4, what is 3202013 + 21?
3202100
In base 10, what is 26860 - 2?
26858
In base 10, what is 20234 - -43?
20277
In base 3, what is 2112 - -10001?
12120
In base 13, what is 4 + b7a?
b81
In base 16, what is 5 + 14ca3?
14ca8
In base 2, what is -1110010010 - -100001?
-1101110001
In base 9, what is 88727 + 3?
88731
In base 3, what is -12101110 - -10012?
-12021021
In base 15, what is 12d9b2 - -4?
12d9b6
In base 9, what is -678 - -151?
-527
In base 5, what is 34040 + 14?
34104
In base 7, what is -40000 - -11?
-36656
In base 3, what is 2 + 11222121020?
11222121022
In base 7, what is 605 + 6223?
10131
In base 9, what is 115204 - 3?
115201
In base 5, what is -13 + 2343212?
2343144
In base 10, what is 48155 + -12?
48143
In base 12, what is 13 - 8a35?
-8a22
In base 9, what is -5726 + -2?
-5728
In base 9, what is 31 - -2547?
2578
In base 5, what is -130220 - -202?
-130013
In base 4, what is -20 - 122300023?
-122300103
In base 4, what is -10 - -2011113?
2011103
In base 11, what is -2749 + 2?
-2747
In base 2, what is -1101000 - -111100100011?
111010111011
In base 15, what is -359 - 7c?
-3d6
In base 7, what is -1514 + -1415?
-3232
In base 8, what is 32 + -10655?
-10623
In base 9, what is -44620 + 16?
-44603
In base 10, what is 37603 + 4?
37607
In base 10, what is -19 - -377?
358
In base 3, what is 212 - 111021102?
-111020120
In base 16, what is -12e - -93?
-9b
In base 11, what is 707 + -1?
706
In base 9, what is -4 + 140556?
140552
In base 16, what is -43 + 1602?
15bf
In base 9, what is 5 + 42408?
42414
In base 10, what is -597 - 14652?
-15249
In base 13, what is 16 + -1b33?
-1b1a
In base 16, what is -4 + -2c3a?
-2c3e
In base 5, what is -30142 + -22240?
-102432
In base 14, what is -38 + 16?
-22
In base 8, what is 21 - 312762?
-312741
In base 13, what is -758c2 + 0?
-758c2
In base 6, what is -1242021 + -105?
-1242130
In base 6, what is -3431512 - 20?
-3431532
In base 5, what is -302 - 2324?
-3131
In base 5, what is -100 - 41133?
-41233
In base 5, what is 33342413 + 1?
33342414
In base 6, what is -11 + 12535252?
12535241
In base 3, what is 21 - 1100010020?
-1100002222
In base 14, what is 490 - a?
484
In base 15, what is -1 + -a1350?
-a1351
In base 10, what is -190 - 3373?
-3563
In base 9, what is 11425606 - -1?
11425607
In base 8, what is 5726 + 1062?
7010
In base 14, what is 4 - 5c05?
-5c01
In base 5, what is -1043 + 2331?
1233
In base 4, what is 22330 + 123023?
212013
In base 2, what is -11000000101100001 - -1?
-11000000101100000
In base 2, what is 111000 - -110101001?
111100001
In base 14, what is 3 - -4452?
4455
In base 16, what is 50 - -161?
1b1
In base 2, what is -100111101101001110 - -1?
-100111101101001101
In base 13, what is 12861 - -3?
12864
In base 11, what is -2 + -a7a99?
-a7aa0
In base 4, what is 102212232 + -3?
102212223
In base 16, what is -b + -35b5?
-35c0
In base 8, what is -446 + 7?
-437
In base 10, what is -140 + -1311?
-1451
In base 4, what is 131223313130 - 0?
131223313130
In base 13, what is c - -539ac?
539bb
In base 4, what is 2130 + 1130?
3320
In base 4, what is 210202330 + 103?
210203033
In base 16, what is 45 + -a2?
-5d
In base 4, what is -21000 - 220002?
-301002
In base 2, what is -100 - -1111110110101101011?
1111110110101100111
In base 15, what is -2a - 6c?
-97
In base 8, what is 10247246 + 5?
10247253
In base 2, what is 1010100000 + 10000101010?
11011001010
In base 8, what is 173 + 6145?
6340
In base 13, what is -5 + -1a937?
-1a93c
In base 5, what is 11333302 - 10?
11333242
In base 15, what is -e4592 - 2?
-e4594
In base 10, what is 0 + -2928?
-2928
In base 7, what is 1 - -35342?
35343
In base 3, what is -1 + 102001020?
102001012
In base 8, what is -14 - -3176?
3162
In base 10, what is -823 + 166?
-657
In base 3, what is 10 - 1221102?
-1221022
In base 13, what is 47 + -4ab?
-464
In base 4, what is -2111230212 - 22?
-2111230300
In base 9, what is -101476 + -5?
-101482
In base 16, what is -a630 + -1c?
-a64c
In base 5, what is 143141 - -11?
143202
In base 8, what is -1126 + 731?
-175
In base 3, what is -2102110002 - 2022?
-2102112101
In base 14, what is -85 + 9?
-7a
In base 3, what is 11 - 21011110?
-21011022
In base 15, what is -15dc + -5?
-15e2
In base 16, what is -425c - -3?
-4259
In base 4, what is -100 + 211320?
211220
In base 2, what is -1010101 - -10000100000?
1111001011
In base 13, what is 28b49 + -3?
28b46
In base 10, what is 18 + 137090?
137108
In base 15, what is 4 + -4172?
-416d
In base 4, what is -321022233 + -1?
-321022300
In base 3, what is 2 + -1200210102221?
-1200210102212
In base 12, what is -3b5397 - 3?
-3b539a
In base 14, what is -26 - a25a?
-a282
In base 3, what is -121 + 20112100210?
20112100012
In base 2, what is 10 + 1100001000000010111?
1100001000000011001
In base 15, what is 18b - b8?
c3
In base 7, what is 3035311 + 4?
3035315
In base 16, what is -90c - f3?
-9ff
In base 12, what is -7006a + -1?
-7006b
In base 16, what is -3dde + -b?
-3de9
In base 13, what is -10 - 5b6?
-5c6
In base 6, what is -150 - -1340?
1150
In base 11, what is -30 + 1768?
1738
In base 14, what is 33 - -1174?
11a7
In base 2, what is 11 + -1100000101?
-1100000010
In base 13, what is 3b - 8?
33
In base 11, what is 369 - 717?
-359
In base 11, what is 0 + 1525?
1525
In base 3, what is 2012000202212 - -11?
2012000210000
In base 2, what is -111001011101 + -1010?
-111001100111
In base 13, what is 22b - -774?
9a2
In base 4, what is 10212133101 + -3?
10212133032
In base 11, what is 79a7 - 1?
79a6
In base 8, what is -500 - -23?
-455
In base 12, what is -576 - 13?
-589
In base 8, what is 63 - -621?
704
In base 10, what is 763 + -47?
716
In base 16, what is -39b + -986?
-d21
In base 14, what is 2746 + 2?
2748
In base 9, what is -4441268 - 4?
-4441273
In base 3, what is -101202200 + 12?
-101202111
In base 10, what is 10121 + 1?
10122
In base 9, what is 2 + -1385?
-1383
In base 16, what is 5 + -cdc1d?
-cdc18
In base 4, what is 31222 - 200?
31022
In base 10, what is 1894 + -111?
1783
In base 2, what is 1000101 - 11110001?
-10101100
In base 9, what is 6 - 6731?
-6724
In base 11, what is -34799 - -2?
-34797
In base 10, what is 221449 + 2?
221451
In base 12, what is 1236 + -6?
1230
In base 11, what is -11 + 35?
24
In base 15, what is 37 + 1ed?
235
In base 7, what is -531524 + 20?
-531504
In base 13, what is 30 - 82?
-52
In base 8, what is 110 - 1417?
-1307
In base 15, what is 4 - -2197c1?
2197c5
In base 6, what is 14 - 142005?
-141551
In base 15, what is -d4e4d - 3?
-d4e51
In base 2, what is -10011110100101 - 10100?
-10011110111001
In base 8, what is -155 - -401?
224
In base 11, what is 3875 - -3?
3878
In base 6, what is -1032 - 5050?
-10122
In base 16, what is -5 - -83?
7e
In base 12, what is -37578 + 2?
-37576
In base 9, what is 30 + 4527?
4557
In base 5, what is -4 - 121122204?
-121122213
In base 7, what is 2 - -43310?
43312
In base 2, what is -111 - 1100000110?
-1100001101
In base 2, what is 1001010110 + 11011?
1001110001
In base 5, what is 4 + -1301021?
-1301012
In base 6, what is 1 - -43533?
43534
In base 2, what is 101010001 - -10110101?
1000000110
In base 13, what is c - 1403?
-13c4
In base 7, what is -304151 - -4?
-304144
In base 14, what is 16c - 172b?
-159d
In base 14, what is 75 + -7d4?
-75d
In base 15, what is -17e796 + -5?
-17e79b
In base 8, what is 11634 - -40?
11674
In base 11, what is 526a - -21?
5290
In base 9, what is -83 + -2045?
-2138
In base 10, what is -4 + 112201?
112197
In base 13, what is -4 + -7b9a?
-7ba1
In base 10, what is 2 - -31897?
31899
In base 10, what is 27579 - -1?
27580
In base 13, what is -4433 + 3?
-4430
In base 4, what is 203330321 - 11?
203330310
In base 16, what is -1f046 + -4?
-1f04a
In base 12, what is -a3 - -125b?
1178
In base 16, what is 2 - -32ab?
32ad
In base 9, what is 44833 - -2?
44835
In base 3, what 